t common factor of z and 4.
4
Suppose 2*v + 929 = -8*v + 24489. Calculate the greatest common factor of v and 76.
76
Let j = -33 - -33. Suppose j = x - 3 + 1. Suppose -5*d + 285 = -x*d. What is the highest common divisor of d and 19?
19
Suppose 0 = 64*z - 66*z - u + 194, -5*z = u - 485. What is the greatest common factor of 16587 and z?
97
Let v(d) = 566*d - 395. Let s be v(1). What is the highest common factor of s and 798?
57
Let q(m) = 3*m**3 - 47*m**2 + 48*m + 20. Let c be q(23). Calculate the highest common divisor of c and 18.
18
Let r = 37548 + -36939. What is the greatest common divisor of r and 4611?
87
Let w be (24/20 + -2)*15/6. Let q be 114/(-19) + (-17)/(w/2). Calculate the highest common factor of 55 and q.
11
Let m(k) = -k**2 + 32 + 3*k - 6*k - k + 3*k. Suppose -9*z = -344 + 299. Let r be m(z). Calculate the greatest common factor of 5 and r.
1
Suppose 3*h - 12 - 36 = 0. Let l(x) = 12*x**2 - 5*x - 5. Let j be l(-1). Let b = h + j. Calculate the highest common divisor of b and 28.
28
Let q(h) be the first derivative of -2*h**2 + 149*h + 132. Let n be q(36). Calculate the highest common factor of n and 565.
5
Let c be (15/9 + -4 - -1) + 92000/15. Calculate the greatest common factor of 84 and c.
84
Suppose 58*w - 35293 = -3*b + 57*w, 5*b - 5*w = 58835. What is the highest common divisor of 65 and b?
65
Let b(t) = 13*t**2 + 6*t - 14. Let v be b(6). Let n be -8 + v/63 + 272/9. What is the greatest common divisor of n and 80?
10
Let c(o) = -187*o - 505. Let m be c(-5). Calculate the highest common factor of 290 and m.
10
Suppose -18 = -m - 3*f + 16, 5*f + 24 = 2*m. Let c(w) = 3*w**2 - 24*w - 16. Let z be c(-1). What is the highest common factor of z and m?
11
Suppose 99524 + 67210 = 17*d + 41784. What is the highest common divisor of 10 and d?
10
Let a(q) = 324*q - 249. Let i be a(8). Calculate the highest common factor of i and 213.
213
Let f = 261 - 264. Let v(d) = d**3 + 4*d**2 + 4*d + 5. Let y be v(f). What is the greatest common divisor of y and 50?
2
Let l be (4/3)/((-4)/(-18)). Let z be ((-4)/12)/(13/(-2730)). Let p be z/21*180/25. Calculate the highest common divisor of p and l.
6
Let b = -284 + 406. Suppose -4*s + 16 = 0, 8*v - s = 13*v + 326. Let p = b + v. Calculate the greatest common divisor of 28 and p.
28
Let q = 1701 + -1676. What is the highest common divisor of q and 265?
5
Let d(c) = -c**2 - 23*c + 54. Let f be d(-25). Suppose 5*y - 3*q + f*q = 488, 500 = 5*y - 5*q. What is the greatest common factor of 49 and y?
49
Let c(y) = -59*y + 154. Let o be c(-17). Suppose 26*t + o = 5369. What is the highest common factor of 36 and t?
18
Let z = 68 - 180. Let b = -577 - -707. Let t = z + b. Calculate the highest common divisor of 2 and t.
2
Let p be (-14)/(-6) + (-3)/9. Let m be 2 - (p + 1) - -14. Let i be (-1*(-2)/(-6))/(-5 - 83204/(-16653)). What is the greatest common factor of i and m?
13
Let q = -267 + 546. Let s = -150 + q. Let x = -3934 + 3977. What is the greatest common factor of x and s?
43
Let w(r) = -r**2 - 10*r + 24. Let i be w(-10). Suppose 4*u - 50 = -5*k, 40 = k + 4*k + 2*u. What is the highest common divisor of k and i?
6
Suppose 13935 + 11115 = 90*n + 3630. Calculate the greatest common factor of n and 238.
238
Let u(c) = -35*c - 60. Let q be u(14). Let v be q/(-40) + (-6)/8. Calculate the greatest common divisor of 39 and v.
13
Let t(y) = -2*y**2 - 21*y - 25. Let f be t(-9). Suppose -3*o = -f*o - 112. What is the greatest common divisor of 7 and o?
7
Suppose -25 = -5*j, -n + j - 3 = -0. Let t(k) = 18*k**3 - 3*k**2 - 4*k. Let v be t(n). Calculate the highest common divisor of v and 31.
31
Let p = -26267 + 26337. Suppose 2*m = 2*c - 0*m - 48, 12 = 3*m. Calculate the highest common divisor of c and p.
14
Suppose 5*d + 3*x + 335 + 478 = 0, d + 149 = -4*x. Let r be (198/d)/(3/(-200)). Let c be (1*-4)/((-4)/10). Calculate the greatest common factor of c and r.
10
Let r be 2/(-6)*(-17 - -11). Suppose -o + p = -3*o - 51, -p = -r*o - 49. Let m = o + 44. Calculate the greatest common factor of m and 95.
19
Suppose 3*i - 974 = -2*a + 235, -2*a + 1201 = -5*i. What is the greatest common divisor of a and 72?
9
Suppose 76*c - 59*c = 238. Let f(m) = 2*m**3 - 27*m**2 - 8*m + 2. Let l be f(c). What is the highest common factor of 559 and l?
43
Let d be (-2 - 1)*770/(-30). Let v = d - 65. What is the highest common divisor of 15 and v?
3
Suppose -8 = 2*k - 4*p, 5*p - 4 = -3*k + 17. Suppose 715 = 5*u + 3*r - 785, 5*u + k*r - 1495 = 0. Calculate the highest common factor of u and 81.
27
Let t(q) = -q**3 - 6*q**2 - 6*q + 17. Let f be 180/(-24) - (0 - 3/2). Let u be t(f). Calculate the greatest common divisor of 159 and u.
53
Let j(f) = -62 - 43 - 3*f - 18*f - 165 + f. Let u be j(-29). Calculate the highest common divisor of u and 186.
62
Let o(h) = -5*h**2 + 79*h - 209. Let s be o(11). What is the greatest common divisor of 671 and s?
11
Let l be (-1)/(-11 + 12) - -2. Suppose -3*n + 9 = -48. What is the highest common divisor of l and n?
1
Let x be ((-8)/10)/((-3)/90). Let u be 1 + (-90)/78 - 8116/(-26). Calculate the highest common divisor of x and u.
24
Suppose 3*f + 2*k = 374, -3*k - 370 = -3*f + 14. Suppose x = -4*x + 180. Calculate the highest common divisor of f and x.
18
Suppose 0 = 3*w + 3*b, -b = 3*w + 2*w - 20. Suppose -2*a + 66 = 3*t, 2*t - w*a = 4*t - 33. Calculate the highest common factor of 1 and t.
1
Let n(b) = b**2 - 32*b + 72. Let s be n(24). Let o = s + 124. Calculate the greatest common divisor of 4 and o.
4
Suppose 3*a = -d + 17, 3*a = -3*d - 0*d + 21. Suppose -d*m + 56 = 3*h, 2*h - 3*h = 4. Calculate the greatest common divisor of 34 and m.
34
Let m(k) = -7*k + 4. Let f be 8/6 + (4/(-3))/(-2). Suppose -2*y - f = -0. Let o be m(y). Calculate the highest common factor of o and 187.
11
Suppose 4*m - 2*r = 850, 51*m - 55*m = -4*r - 852. Calculate the greatest common divisor of m and 76.
4
Let y = -170 - -213. Let c(r) = -r**3 + 44*r**2 - 27*r - 39. Let w be c(y). What is the greatest common divisor of w and 11?
11
Let t(b) = 28*b + 300. Let d be t(-9). Calculate the greatest common divisor of 1992 and d.
24
Let o(q) = -q**3 + 54*q**2 - 126*q + 1189. Let u be o(52). Calculate the highest common divisor of 125 and u.
5
Let g(s) = -4*s + 64. Let r be g(13). Suppose 2*f + 6 = q + 15, 5*f + q - r = 0. Let h = 1 - -5. Calculate the highest common divisor of h and f.
3
Suppose 563 = -4*q + 3*f + 1614, -q - 4*f = -239. Let s = q + -232. Let t(x) = -47*x + 1. Let w be t(-4). Calculate the greatest common divisor of w and s.
27
Suppose -337 - 275 = 4*z. Let d = z + 157. What is the greatest common factor of 52 and d?
4
Suppose 0 = -10*r + 8316 - 7016. What is the greatest common divisor of 50 and r?
10
Suppose -117*z - 72*z + 1153740 = -66*z. What is the greatest common divisor of z and 40?
20
Let h = -6393 + 6474. Calculate the highest common factor of h and 198.
9
Suppose -z = 3*z - 8. Let b(r) = -r**2 + 18*r - 66. Suppose -200 + 152 = -4*g. Let k be b(g). Calculate the greatest common factor of k and z.
2
Suppose 2*i = 0, z - 36 + 48 = 5*i. Let n be ((-8)/z)/((-4 - 1)/(-855)). Calculate the highest common divisor of n and 57.
57
Let d be (-270)/(-81)*-6*(-1)/4. Let y be 30 - (-5 + d)/3. What is the highest common factor of 15 and y?
15
Let s be 36 + -2 + 2 + 0. Let c(r) = 9*r**2 + 512*r - 4293. Let j be c(9). What is the greatest common divisor of j and s?
36
Let k be (3/(-9))/((-1)/15). Suppose -23 = -d + r, -r + 143 = k*d + r. Let w = d + -10. What is the highest common factor of w and 68?
17
Suppose 1729 = -3*f + 4342. Let s be (-18)/(-27)*(-1)/2*-39. What is the greatest common divisor of f and s?
13
Let d(p) be the third derivative of -p**6/120 - 7*p**5/60 + 7*p**4/12 - 7*p**3/3 - p**2 + 4*p. Let a be d(-9). Calculate the highest common factor of a and 22.
22
Let y = 132 - 124. Suppose 0 = y*j - 9 - 7. Calculate the greatest common divisor of 18 and j.
2
Let l be ((-5)/(-3) - 2)*(-39 + 33). Suppose l*c - t - 86 = 3, -3*c - 3*t + 111 = 0. Calculate the highest common factor of 7 and c.
7
Let t = 27071 - 26917. What is the highest common divisor of 1568 and t?
14
Suppose 5*o - 72 = 2*o - 3*v, 0 = -4*v - 20. Suppose 4*h - 37 = -o. Let g be 8 - 8/h - -24*1. Calculate the highest common factor of 14 and g.
14